{"id":174,"date":"2025-10-11T14:01:46","date_gmt":"2025-10-11T14:01:46","guid":{"rendered":"https:\/\/rscadeau.com\/?post_type=product&#038;p=174"},"modified":"2025-10-21T12:19:48","modified_gmt":"2025-10-21T12:19:48","slug":"174","status":"publish","type":"product","link":"https:\/\/rscadeau.com\/index.php\/product\/174\/","title":{"rendered":"Mug \u00c9dition Personnalis\u00e9e"},"content":{"rendered":"<p>Cr\u00e9ez un mug unique et personnalis\u00e9 avec votre propre image ! Que ce soit une photo sp\u00e9ciale, un design original, ou m\u00eame un message amusant, notre service vous permet de personnaliser votre mug \u00e0 votre image. Parfait pour offrir en cadeau ou pour ajouter une touche personnelle \u00e0 votre quotidien. Choisissez parmi une vari\u00e9t\u00e9 de couleurs et de styles, et faites de chaque gorg\u00e9e de caf\u00e9 ou de th\u00e9 un moment unique !<\/p>\n","protected":false},"excerpt":{"rendered":"<p>Personnalisez votre mug avec votre image ou design pr\u00e9f\u00e9r\u00e9 ! Parfait pour offrir ou pour \u00e9gayer vos pauses caf\u00e9.<\/p>\n","protected":false},"featured_media":205,"comment_status":"open","ping_status":"closed","template":"","meta":{"_monsterinsights_skip_tracking":false,"_monsterinsights_sitenote_active":false,"_monsterinsights_sitenote_note":"","_monsterinsights_sitenote_category":0},"product_brand":[],"product_cat":[23],"product_tag":[],"class_list":{"0":"post-174","1":"product","2":"type-product","3":"status-publish","4":"has-post-thumbnail","6":"product_cat-bon-plans","8":"first","9":"instock","10":"sale","11":"shipping-taxable","12":"purchasable","13":"product-type-simple"},"_links":{"self":[{"href":"https:\/\/rscadeau.com\/index.php\/wp-json\/wp\/v2\/product\/174","targetHints":{"allow":["GET"]}}],"collection":[{"href":"https:\/\/rscadeau.com\/index.php\/wp-json\/wp\/v2\/product"}],"about":[{"href":"https:\/\/rscadeau.com\/index.php\/wp-json\/wp\/v2\/types\/product"}],"replies":[{"embeddable":true,"href":"https:\/\/rscadeau.com\/index.php\/wp-json\/wp\/v2\/comments?post=174"}],"wp:featuredmedia":[{"embeddable":true,"href":"https:\/\/rscadeau.com\/index.php\/wp-json\/wp\/v2\/media\/205"}],"wp:attachment":[{"href":"https:\/\/rscadeau.com\/index.php\/wp-json\/wp\/v2\/media?parent=174"}],"wp:term":[{"taxonomy":"product_brand","embeddable":true,"href":"https:\/\/rscadeau.com\/index.php\/wp-json\/wp\/v2\/product_brand?post=174"},{"taxonomy":"product_cat","embeddable":true,"href":"https:\/\/rscadeau.com\/index.php\/wp-json\/wp\/v2\/product_cat?post=174"},{"taxonomy":"product_tag","embeddable":true,"href":"https:\/\/rscadeau.com\/index.php\/wp-json\/wp\/v2\/product_tag?post=174"}],"curies":[{"name":"wp","href":"https:\/\/api.w.org\/{rel}","templated":true}]}}