{"id":283,"date":"2025-10-23T19:38:56","date_gmt":"2025-10-23T19:38:56","guid":{"rendered":"https:\/\/rscadeau.com\/?post_type=product&#038;p=283"},"modified":"2025-10-24T11:08:23","modified_gmt":"2025-10-24T11:08:23","slug":"bouquet-romance","status":"publish","type":"product","link":"https:\/\/rscadeau.com\/index.php\/product\/bouquet-romance\/","title":{"rendered":"Bouquet Romance"},"content":{"rendered":"<p>Le <strong data-start=\"189\" data-end=\"208\">Bouquet Romance<\/strong> est une d\u00e9licate composition florale qui c\u00e9l\u00e8bre l\u2019amour et la tendresse.<br data-start=\"282\" data-end=\"285\" \/>Ses teintes douces et chaleureuses \u2013 souvent autour du <strong data-start=\"340\" data-end=\"370\">rouge, du rose et du blanc<\/strong> \u2013 expriment la passion, la sinc\u00e9rit\u00e9 et la d\u00e9licatesse des sentiments.<\/p>\n","protected":false},"excerpt":{"rendered":"<p>Un bouquet \u00e9l\u00e9gant aux tons rouges et roses, symbole parfait de l\u2019amour et de la tendresse.<\/p>\n","protected":false},"featured_media":284,"comment_status":"open","ping_status":"closed","template":"","meta":{"_monsterinsights_skip_tracking":false,"_monsterinsights_sitenote_active":false,"_monsterinsights_sitenote_note":"","_monsterinsights_sitenote_category":0},"product_brand":[],"product_cat":[21],"product_tag":[],"class_list":{"0":"post-283","1":"product","2":"type-product","3":"status-publish","4":"has-post-thumbnail","6":"product_cat-bouquets-moyenne-bouquets","8":"first","9":"instock","10":"sale","11":"featured","12":"shipping-taxable","13":"purchasable","14":"product-type-simple"},"_links":{"self":[{"href":"https:\/\/rscadeau.com\/index.php\/wp-json\/wp\/v2\/product\/283","targetHints":{"allow":["GET"]}}],"collection":[{"href":"https:\/\/rscadeau.com\/index.php\/wp-json\/wp\/v2\/product"}],"about":[{"href":"https:\/\/rscadeau.com\/index.php\/wp-json\/wp\/v2\/types\/product"}],"replies":[{"embeddable":true,"href":"https:\/\/rscadeau.com\/index.php\/wp-json\/wp\/v2\/comments?post=283"}],"wp:featuredmedia":[{"embeddable":true,"href":"https:\/\/rscadeau.com\/index.php\/wp-json\/wp\/v2\/media\/284"}],"wp:attachment":[{"href":"https:\/\/rscadeau.com\/index.php\/wp-json\/wp\/v2\/media?parent=283"}],"wp:term":[{"taxonomy":"product_brand","embeddable":true,"href":"https:\/\/rscadeau.com\/index.php\/wp-json\/wp\/v2\/product_brand?post=283"},{"taxonomy":"product_cat","embeddable":true,"href":"https:\/\/rscadeau.com\/index.php\/wp-json\/wp\/v2\/product_cat?post=283"},{"taxonomy":"product_tag","embeddable":true,"href":"https:\/\/rscadeau.com\/index.php\/wp-json\/wp\/v2\/product_tag?post=283"}],"curies":[{"name":"wp","href":"https:\/\/api.w.org\/{rel}","templated":true}]}}