{"id":295,"date":"2025-10-23T19:51:06","date_gmt":"2025-10-23T19:51:06","guid":{"rendered":"https:\/\/rscadeau.com\/?post_type=product&#038;p=295"},"modified":"2025-10-24T11:07:53","modified_gmt":"2025-10-24T11:07:53","slug":"bouquet-harmonie","status":"publish","type":"product","link":"https:\/\/rscadeau.com\/index.php\/product\/bouquet-harmonie\/","title":{"rendered":"Bouquet Harmonie"},"content":{"rendered":"<p data-start=\"144\" data-end=\"361\">Le <strong data-start=\"176\" data-end=\"196\">Bouquet Harmonie<\/strong> est une composition florale \u00e9quilibr\u00e9e et apaisante, qui marie subtilement couleurs et textures pour cr\u00e9er un ensemble harmonieux et \u00e9l\u00e9gant. Il m\u00e9lange souvent :<\/p>\n<ul data-start=\"362\" data-end=\"551\">\n<li data-start=\"362\" data-end=\"430\">\n<p data-start=\"364\" data-end=\"430\"><strong data-start=\"364\" data-end=\"390\">Roses, lys ou pivoines<\/strong> pour la douceur et la sophistication,<\/p>\n<\/li>\n<li data-start=\"431\" data-end=\"496\">\n<p data-start=\"433\" data-end=\"496\"><strong data-start=\"433\" data-end=\"465\">Fleurs saisonni\u00e8res color\u00e9es<\/strong> pour la vitalit\u00e9 et l\u2019\u00e9clat,<\/p>\n<\/li>\n<li data-start=\"497\" data-end=\"551\">\n<p data-start=\"499\" data-end=\"551\"><strong data-start=\"499\" data-end=\"518\">Verdure fra\u00eeche<\/strong> pour la l\u00e9g\u00e8ret\u00e9 et le relief.<\/p>\n<\/li>\n<\/ul>\n","protected":false},"excerpt":{"rendered":"<p>Un bouquet \u00e9l\u00e9gant et \u00e9quilibr\u00e9, m\u00ealant fleurs et verdure pour une harmonie parfaite.<\/p>\n","protected":false},"featured_media":296,"comment_status":"open","ping_status":"closed","template":"","meta":{"_monsterinsights_skip_tracking":false,"_monsterinsights_sitenote_active":false,"_monsterinsights_sitenote_note":"","_monsterinsights_sitenote_category":0},"product_brand":[],"product_cat":[21],"product_tag":[],"class_list":{"0":"post-295","1":"product","2":"type-product","3":"status-publish","4":"has-post-thumbnail","6":"product_cat-bouquets-moyenne-bouquets","8":"first","9":"instock","10":"sale","11":"featured","12":"shipping-taxable","13":"purchasable","14":"product-type-simple"},"_links":{"self":[{"href":"https:\/\/rscadeau.com\/index.php\/wp-json\/wp\/v2\/product\/295","targetHints":{"allow":["GET"]}}],"collection":[{"href":"https:\/\/rscadeau.com\/index.php\/wp-json\/wp\/v2\/product"}],"about":[{"href":"https:\/\/rscadeau.com\/index.php\/wp-json\/wp\/v2\/types\/product"}],"replies":[{"embeddable":true,"href":"https:\/\/rscadeau.com\/index.php\/wp-json\/wp\/v2\/comments?post=295"}],"wp:featuredmedia":[{"embeddable":true,"href":"https:\/\/rscadeau.com\/index.php\/wp-json\/wp\/v2\/media\/296"}],"wp:attachment":[{"href":"https:\/\/rscadeau.com\/index.php\/wp-json\/wp\/v2\/media?parent=295"}],"wp:term":[{"taxonomy":"product_brand","embeddable":true,"href":"https:\/\/rscadeau.com\/index.php\/wp-json\/wp\/v2\/product_brand?post=295"},{"taxonomy":"product_cat","embeddable":true,"href":"https:\/\/rscadeau.com\/index.php\/wp-json\/wp\/v2\/product_cat?post=295"},{"taxonomy":"product_tag","embeddable":true,"href":"https:\/\/rscadeau.com\/index.php\/wp-json\/wp\/v2\/product_tag?post=295"}],"curies":[{"name":"wp","href":"https:\/\/api.w.org\/{rel}","templated":true}]}}