{"id":334,"date":"2025-10-24T11:05:25","date_gmt":"2025-10-24T11:05:25","guid":{"rendered":"https:\/\/rscadeau.com\/?post_type=product&#038;p=334"},"modified":"2025-10-24T11:05:26","modified_gmt":"2025-10-24T11:05:26","slug":"pack-cadeau-duo-chocolat-fleur-avec-lettre-personnalisee","status":"publish","type":"product","link":"https:\/\/rscadeau.com\/index.php\/product\/pack-cadeau-duo-chocolat-fleur-avec-lettre-personnalisee\/","title":{"rendered":"Pack Cadeau Duo \u2013 Chocolat &#038; Fleur avec Lettre Personnalis\u00e9e"},"content":{"rendered":"<p data-start=\"230\" data-end=\"320\">ffrez une exp\u00e9rience pleine d\u2019\u00e9motions avec ce pack de deux box soigneusement con\u00e7ues :<\/p>\n<ul data-start=\"322\" data-end=\"599\">\n<li data-start=\"322\" data-end=\"433\">\n<p data-start=\"324\" data-end=\"433\"><strong data-start=\"324\" data-end=\"340\">Box Chocolat<\/strong> : Une s\u00e9lection gourmande de chocolats fins, pour un moment de plaisir intense et raffin\u00e9.<\/p>\n<\/li>\n<li data-start=\"434\" data-end=\"599\">\n<p data-start=\"436\" data-end=\"599\"><strong data-start=\"436\" data-end=\"458\">Box Fleur &amp; Lettre<\/strong> : Une d\u00e9licate fleur accompagn\u00e9e d\u2019une lettre personnalis\u00e9e avec le message de votre choix, pour transmettre vos sentiments avec \u00e9l\u00e9gance.<\/p>\n<\/li>\n<\/ul>\n","protected":false},"excerpt":{"rendered":"<p>Offrez le duo parfait : chocolats fins et fleur d\u00e9licate accompagn\u00e9e d\u2019une lettre personnalis\u00e9e. Un cadeau gourmand et \u00e9motionnel pour surprendre et toucher vos proches.<\/p>\n","protected":false},"featured_media":335,"comment_status":"open","ping_status":"closed","template":"","meta":{"_monsterinsights_skip_tracking":false,"_monsterinsights_sitenote_active":false,"_monsterinsights_sitenote_note":"","_monsterinsights_sitenote_category":0},"product_brand":[],"product_cat":[23],"product_tag":[],"class_list":{"0":"post-334","1":"product","2":"type-product","3":"status-publish","4":"has-post-thumbnail","6":"product_cat-bon-plans","8":"first","9":"instock","10":"sale","11":"shipping-taxable","12":"purchasable","13":"product-type-simple"},"_links":{"self":[{"href":"https:\/\/rscadeau.com\/index.php\/wp-json\/wp\/v2\/product\/334","targetHints":{"allow":["GET"]}}],"collection":[{"href":"https:\/\/rscadeau.com\/index.php\/wp-json\/wp\/v2\/product"}],"about":[{"href":"https:\/\/rscadeau.com\/index.php\/wp-json\/wp\/v2\/types\/product"}],"replies":[{"embeddable":true,"href":"https:\/\/rscadeau.com\/index.php\/wp-json\/wp\/v2\/comments?post=334"}],"wp:featuredmedia":[{"embeddable":true,"href":"https:\/\/rscadeau.com\/index.php\/wp-json\/wp\/v2\/media\/335"}],"wp:attachment":[{"href":"https:\/\/rscadeau.com\/index.php\/wp-json\/wp\/v2\/media?parent=334"}],"wp:term":[{"taxonomy":"product_brand","embeddable":true,"href":"https:\/\/rscadeau.com\/index.php\/wp-json\/wp\/v2\/product_brand?post=334"},{"taxonomy":"product_cat","embeddable":true,"href":"https:\/\/rscadeau.com\/index.php\/wp-json\/wp\/v2\/product_cat?post=334"},{"taxonomy":"product_tag","embeddable":true,"href":"https:\/\/rscadeau.com\/index.php\/wp-json\/wp\/v2\/product_tag?post=334"}],"curies":[{"name":"wp","href":"https:\/\/api.w.org\/{rel}","templated":true}]}}