{"id":529,"date":"2025-11-29T21:08:02","date_gmt":"2025-11-29T21:08:02","guid":{"rendered":"https:\/\/rscadeau.com\/?post_type=product&#038;p=529"},"modified":"2025-11-29T21:08:02","modified_gmt":"2025-11-29T21:08:02","slug":"velvet-bloom","status":"publish","type":"product","link":"https:\/\/rscadeau.com\/index.php\/product\/velvet-bloom\/","title":{"rendered":"Velvet Bloom"},"content":{"rendered":"<p>Le <strong data-start=\"160\" data-end=\"186\">bouquet &#8220;Velvet Bloom&#8221;<\/strong> marie \u00e0 la perfection les <strong data-start=\"213\" data-end=\"231\">roses blanches<\/strong> pures et les <strong data-start=\"245\" data-end=\"260\">roses roses<\/strong> douces, cr\u00e9ant une composition \u00e9l\u00e9gante et raffin\u00e9e. Ce bouquet \u00e9voque <strong data-start=\"332\" data-end=\"343\">l\u2019amour<\/strong>, la <strong data-start=\"348\" data-end=\"358\">puret\u00e9<\/strong> et la <strong data-start=\"365\" data-end=\"380\">gentillesse<\/strong>, id\u00e9al pour c\u00e9l\u00e9brer des moments tendres et m\u00e9morables. Avec ses couleurs d\u00e9licates et son allure sophistiqu\u00e9e, il apportera une touche de <strong data-start=\"520\" data-end=\"532\">f\u00e9minit\u00e9<\/strong> et de <strong data-start=\"539\" data-end=\"548\">gr\u00e2ce<\/strong> \u00e0 n&#8217;importe quelle occasion.<\/p>\n","protected":false},"excerpt":{"rendered":"<p data-start=\"82\" data-end=\"260\">Un m\u00e9lange \u00e9l\u00e9gant de <strong data-start=\"104\" data-end=\"122\">roses blanches<\/strong> et <strong data-start=\"126\" data-end=\"141\">roses roses<\/strong>, symbolisant la puret\u00e9 et la tendresse. Ce bouquet raffin\u00e9 est parfait pour c\u00e9l\u00e9brer des moments doux et m\u00e9morables.<\/p>\n","protected":false},"featured_media":530,"comment_status":"open","ping_status":"closed","template":"","meta":{"_monsterinsights_skip_tracking":false,"_monsterinsights_sitenote_active":false,"_monsterinsights_sitenote_note":"","_monsterinsights_sitenote_category":0},"product_brand":[],"product_cat":[21,20],"product_tag":[],"class_list":{"0":"post-529","1":"product","2":"type-product","3":"status-publish","4":"has-post-thumbnail","6":"product_cat-bouquets-moyenne-bouquets","7":"product_cat-bouquets-petite","9":"first","10":"instock","11":"sale","12":"shipping-taxable","13":"purchasable","14":"product-type-simple"},"_links":{"self":[{"href":"https:\/\/rscadeau.com\/index.php\/wp-json\/wp\/v2\/product\/529","targetHints":{"allow":["GET"]}}],"collection":[{"href":"https:\/\/rscadeau.com\/index.php\/wp-json\/wp\/v2\/product"}],"about":[{"href":"https:\/\/rscadeau.com\/index.php\/wp-json\/wp\/v2\/types\/product"}],"replies":[{"embeddable":true,"href":"https:\/\/rscadeau.com\/index.php\/wp-json\/wp\/v2\/comments?post=529"}],"wp:featuredmedia":[{"embeddable":true,"href":"https:\/\/rscadeau.com\/index.php\/wp-json\/wp\/v2\/media\/530"}],"wp:attachment":[{"href":"https:\/\/rscadeau.com\/index.php\/wp-json\/wp\/v2\/media?parent=529"}],"wp:term":[{"taxonomy":"product_brand","embeddable":true,"href":"https:\/\/rscadeau.com\/index.php\/wp-json\/wp\/v2\/product_brand?post=529"},{"taxonomy":"product_cat","embeddable":true,"href":"https:\/\/rscadeau.com\/index.php\/wp-json\/wp\/v2\/product_cat?post=529"},{"taxonomy":"product_tag","embeddable":true,"href":"https:\/\/rscadeau.com\/index.php\/wp-json\/wp\/v2\/product_tag?post=529"}],"curies":[{"name":"wp","href":"https:\/\/api.w.org\/{rel}","templated":true}]}}