{"id":563,"date":"2025-12-30T12:56:32","date_gmt":"2025-12-30T12:56:32","guid":{"rendered":"https:\/\/rscadeau.com\/?post_type=product&#038;p=563"},"modified":"2026-04-06T19:27:34","modified_gmt":"2026-04-06T19:27:34","slug":"roses-majeste","status":"publish","type":"product","link":"https:\/\/rscadeau.com\/index.php\/product\/roses-majeste\/","title":{"rendered":"Roses Majest\u00e9"},"content":{"rendered":"<p><strong data-start=\"387\" data-end=\"404\">Roses Majest\u00e9<\/strong> est un bouquet haut de gamme compos\u00e9 de <strong data-start=\"445\" data-end=\"482\">roses soigneusement s\u00e9lectionn\u00e9es<\/strong>, aux <strong data-start=\"488\" data-end=\"523\">couleurs riches et harmonieuses<\/strong>, arrang\u00e9es avec un grand raffinement.<br data-start=\"561\" data-end=\"564\" \/>Il est sublim\u00e9 par une <strong data-start=\"587\" data-end=\"610\">bande personnalis\u00e9e<\/strong> portant le message de votre choix et accompagn\u00e9 de <strong data-start=\"662\" data-end=\"685\">chocolats gourmands<\/strong>, ajoutant une touche de douceur et d\u2019attention.<br data-start=\"733\" data-end=\"736\" \/>Id\u00e9al pour les grandes occasions (anniversaire, fian\u00e7ailles, Saint-Valentin, f\u00e9licitations), ce bouquet incarne le <strong data-start=\"851\" data-end=\"884\" data-is-only-node=\"\">luxe, l\u2019\u00e9motion et l\u2019\u00e9l\u00e9gance<\/strong>, et transforme chaque moment en souvenir pr\u00e9cieux.caea<\/p>\n","protected":false},"excerpt":{"rendered":"<p><strong data-start=\"149\" data-end=\"166\">Roses Majest\u00e9<\/strong> est un bouquet de roses luxueuses aux couleurs \u00e9clatantes, accompagn\u00e9 de <strong data-start=\"240\" data-end=\"258\">chocolats fins<\/strong> et d\u2019une <strong data-start=\"268\" data-end=\"291\">bande personnalis\u00e9e<\/strong> pour un message unique. Un cadeau \u00e9l\u00e9gant et inoubliable.<\/p>\n","protected":false},"featured_media":564,"comment_status":"open","ping_status":"closed","template":"","meta":{"_monsterinsights_skip_tracking":false,"_monsterinsights_sitenote_active":false,"_monsterinsights_sitenote_note":"","_monsterinsights_sitenote_category":0},"product_brand":[],"product_cat":[19],"product_tag":[],"class_list":{"0":"post-563","1":"product","2":"type-product","3":"status-publish","4":"has-post-thumbnail","6":"product_cat-bouquets-de-luxe","8":"first","9":"instock","10":"sale","11":"shipping-taxable","12":"purchasable","13":"product-type-simple"},"_links":{"self":[{"href":"https:\/\/rscadeau.com\/index.php\/wp-json\/wp\/v2\/product\/563","targetHints":{"allow":["GET"]}}],"collection":[{"href":"https:\/\/rscadeau.com\/index.php\/wp-json\/wp\/v2\/product"}],"about":[{"href":"https:\/\/rscadeau.com\/index.php\/wp-json\/wp\/v2\/types\/product"}],"replies":[{"embeddable":true,"href":"https:\/\/rscadeau.com\/index.php\/wp-json\/wp\/v2\/comments?post=563"}],"wp:featuredmedia":[{"embeddable":true,"href":"https:\/\/rscadeau.com\/index.php\/wp-json\/wp\/v2\/media\/564"}],"wp:attachment":[{"href":"https:\/\/rscadeau.com\/index.php\/wp-json\/wp\/v2\/media?parent=563"}],"wp:term":[{"taxonomy":"product_brand","embeddable":true,"href":"https:\/\/rscadeau.com\/index.php\/wp-json\/wp\/v2\/product_brand?post=563"},{"taxonomy":"product_cat","embeddable":true,"href":"https:\/\/rscadeau.com\/index.php\/wp-json\/wp\/v2\/product_cat?post=563"},{"taxonomy":"product_tag","embeddable":true,"href":"https:\/\/rscadeau.com\/index.php\/wp-json\/wp\/v2\/product_tag?post=563"}],"curies":[{"name":"wp","href":"https:\/\/api.w.org\/{rel}","templated":true}]}}