{"id":568,"date":"2025-12-31T12:37:12","date_gmt":"2025-12-31T12:37:12","guid":{"rendered":"https:\/\/rscadeau.com\/?post_type=product&#038;p=568"},"modified":"2026-04-06T19:27:16","modified_gmt":"2026-04-06T19:27:16","slug":"signature-luxe","status":"publish","type":"product","link":"https:\/\/rscadeau.com\/index.php\/product\/signature-luxe\/","title":{"rendered":"Signature Luxe"},"content":{"rendered":"<p data-start=\"177\" data-end=\"490\">Le bouquet <strong data-start=\"188\" data-end=\"206\">Signature Luxe<\/strong> est une cr\u00e9ation florale prestigieuse compos\u00e9e de <strong data-start=\"257\" data-end=\"279\">plus de 120 fleurs<\/strong>, soigneusement s\u00e9lectionn\u00e9es pour leur fra\u00eecheur, leur beaut\u00e9 et leur harmonie parfaite.<br data-start=\"368\" data-end=\"371\" \/>Chaque fleur est choisie avec une attention minutieuse afin d\u2019offrir un bouquet g\u00e9n\u00e9reux, raffin\u00e9 et riche en \u00e9motions.<\/p>\n<p data-start=\"492\" data-end=\"752\">Pr\u00e9sent\u00e9 dans un <strong data-start=\"509\" data-end=\"547\">packaging blanc \u00e9l\u00e9gant et moderne<\/strong>, ce bouquet incarne le luxe, la puret\u00e9 et le bon go\u00fbt. Il est id\u00e9al pour les grandes occasions : anniversaires, fian\u00e7ailles, mariages, c\u00e9l\u00e9brations sp\u00e9ciales ou pour offrir un message fort et inoubliable.<\/p>\n<p data-start=\"754\" data-end=\"769\">\u2728 <strong data-start=\"756\" data-end=\"769\">D\u00e9tails :<\/strong><\/p>\n<ul data-start=\"770\" data-end=\"930\">\n<li data-start=\"770\" data-end=\"803\">\n<p data-start=\"772\" data-end=\"803\">Plus de <strong data-start=\"780\" data-end=\"803\">120 fleurs fra\u00eeches<\/strong><\/p>\n<\/li>\n<li data-start=\"804\" data-end=\"841\">\n<p data-start=\"806\" data-end=\"841\">S\u00e9lection <strong data-start=\"816\" data-end=\"841\">soigneusement choisie<\/strong><\/p>\n<\/li>\n<li data-start=\"842\" data-end=\"871\">\n<p data-start=\"844\" data-end=\"871\">Design floral haut de gamme<\/p>\n<\/li>\n<li data-start=\"872\" data-end=\"901\">\n<p data-start=\"874\" data-end=\"901\"><strong data-start=\"874\" data-end=\"901\">Packaging blanc premium<\/strong><\/p>\n<\/li>\n<li data-start=\"902\" data-end=\"930\">\n<p data-start=\"904\" data-end=\"930\">Cr\u00e9ation florale exclusive<\/p>\n<\/li>\n<\/ul>\n<p data-start=\"932\" data-end=\"1010\">\ud83d\udc90 <strong data-start=\"935\" data-end=\"953\">Signature Luxe<\/strong>, quand l\u2019\u00e9l\u00e9gance florale devient une exp\u00e9rience unique.<\/p>\n","protected":false},"excerpt":{"rendered":"<p><strong data-start=\"58\" data-end=\"76\">Signature Luxe<\/strong> : bouquet prestigieux de <strong data-start=\"102\" data-end=\"124\" data-is-only-node=\"\">plus de 120 fleurs<\/strong>, soigneusement s\u00e9lectionn\u00e9es et pr\u00e9sent\u00e9 dans un <strong data-start=\"174\" data-end=\"201\">packaging blanc premium<\/strong>, pour un cadeau raffin\u00e9 et inoubliable.<\/p>\n","protected":false},"featured_media":569,"comment_status":"open","ping_status":"closed","template":"","meta":{"_monsterinsights_skip_tracking":false,"_monsterinsights_sitenote_active":false,"_monsterinsights_sitenote_note":"","_monsterinsights_sitenote_category":0},"product_brand":[],"product_cat":[19],"product_tag":[],"class_list":{"0":"post-568","1":"product","2":"type-product","3":"status-publish","4":"has-post-thumbnail","6":"product_cat-bouquets-de-luxe","8":"first","9":"instock","10":"sale","11":"shipping-taxable","12":"purchasable","13":"product-type-simple"},"_links":{"self":[{"href":"https:\/\/rscadeau.com\/index.php\/wp-json\/wp\/v2\/product\/568","targetHints":{"allow":["GET"]}}],"collection":[{"href":"https:\/\/rscadeau.com\/index.php\/wp-json\/wp\/v2\/product"}],"about":[{"href":"https:\/\/rscadeau.com\/index.php\/wp-json\/wp\/v2\/types\/product"}],"replies":[{"embeddable":true,"href":"https:\/\/rscadeau.com\/index.php\/wp-json\/wp\/v2\/comments?post=568"}],"wp:featuredmedia":[{"embeddable":true,"href":"https:\/\/rscadeau.com\/index.php\/wp-json\/wp\/v2\/media\/569"}],"wp:attachment":[{"href":"https:\/\/rscadeau.com\/index.php\/wp-json\/wp\/v2\/media?parent=568"}],"wp:term":[{"taxonomy":"product_brand","embeddable":true,"href":"https:\/\/rscadeau.com\/index.php\/wp-json\/wp\/v2\/product_brand?post=568"},{"taxonomy":"product_cat","embeddable":true,"href":"https:\/\/rscadeau.com\/index.php\/wp-json\/wp\/v2\/product_cat?post=568"},{"taxonomy":"product_tag","embeddable":true,"href":"https:\/\/rscadeau.com\/index.php\/wp-json\/wp\/v2\/product_tag?post=568"}],"curies":[{"name":"wp","href":"https:\/\/api.w.org\/{rel}","templated":true}]}}