{"id":631,"date":"2026-02-28T13:48:29","date_gmt":"2026-02-28T13:48:29","guid":{"rendered":"https:\/\/rscadeau.com\/?post_type=product&#038;p=631"},"modified":"2026-04-06T19:27:08","modified_gmt":"2026-04-06T19:27:08","slug":"noble-romance","status":"publish","type":"product","link":"https:\/\/rscadeau.com\/index.php\/product\/noble-romance\/","title":{"rendered":"Noble Romance"},"content":{"rendered":"<p data-start=\"0\" data-end=\"27\">\ud83c\udf39\u2728 <strong data-start=\"4\" data-end=\"21\">Noble Romance<\/strong> \u2728\ud83c\udf39<\/p>\n<p data-start=\"29\" data-end=\"134\">Un bouquet d\u2019exception compos\u00e9 de <strong data-start=\"63\" data-end=\"90\">plus de 70 roses rouges<\/strong>, symbole d\u2019amour intense et de passion \u2764\ufe0f<\/p>\n<p data-start=\"136\" data-end=\"295\">Pr\u00e9sent\u00e9 dans un <strong data-start=\"153\" data-end=\"180\">packaging blanc \u00e9l\u00e9gant<\/strong>, avec une bande personnalis\u00e9s il offre un contraste raffin\u00e9 qui met en valeur la beaut\u00e9 des fleurs et apporte une touche luxueuse et moderne.<\/p>\n<p data-start=\"297\" data-end=\"429\">\ud83c\udf81 Id\u00e9al pour les grandes occasions : demande en mariage, anniversaire sp\u00e9cial, Saint-Valentin ou d\u00e9claration d\u2019amour inoubliable.<\/p>\n","protected":false},"excerpt":{"rendered":"<p>Bouquet luxueux de <strong data-start=\"43\" data-end=\"70\">plus de 70 roses rouges<\/strong> dans un \u00e9l\u00e9gant packaging blanc.<br data-start=\"103\" data-end=\"106\" \/>Un symbole d\u2019amour intense et de raffinement, parfait pour une occasion exceptionnelle.<\/p>\n","protected":false},"featured_media":632,"comment_status":"open","ping_status":"closed","template":"","meta":{"_monsterinsights_skip_tracking":false,"_monsterinsights_sitenote_active":false,"_monsterinsights_sitenote_note":"","_monsterinsights_sitenote_category":0},"product_brand":[],"product_cat":[19,23],"product_tag":[],"class_list":{"0":"post-631","1":"product","2":"type-product","3":"status-publish","4":"has-post-thumbnail","6":"product_cat-bouquets-de-luxe","7":"product_cat-bon-plans","9":"first","10":"instock","11":"sale","12":"featured","13":"shipping-taxable","14":"purchasable","15":"product-type-simple"},"_links":{"self":[{"href":"https:\/\/rscadeau.com\/index.php\/wp-json\/wp\/v2\/product\/631","targetHints":{"allow":["GET"]}}],"collection":[{"href":"https:\/\/rscadeau.com\/index.php\/wp-json\/wp\/v2\/product"}],"about":[{"href":"https:\/\/rscadeau.com\/index.php\/wp-json\/wp\/v2\/types\/product"}],"replies":[{"embeddable":true,"href":"https:\/\/rscadeau.com\/index.php\/wp-json\/wp\/v2\/comments?post=631"}],"wp:featuredmedia":[{"embeddable":true,"href":"https:\/\/rscadeau.com\/index.php\/wp-json\/wp\/v2\/media\/632"}],"wp:attachment":[{"href":"https:\/\/rscadeau.com\/index.php\/wp-json\/wp\/v2\/media?parent=631"}],"wp:term":[{"taxonomy":"product_brand","embeddable":true,"href":"https:\/\/rscadeau.com\/index.php\/wp-json\/wp\/v2\/product_brand?post=631"},{"taxonomy":"product_cat","embeddable":true,"href":"https:\/\/rscadeau.com\/index.php\/wp-json\/wp\/v2\/product_cat?post=631"},{"taxonomy":"product_tag","embeddable":true,"href":"https:\/\/rscadeau.com\/index.php\/wp-json\/wp\/v2\/product_tag?post=631"}],"curies":[{"name":"wp","href":"https:\/\/api.w.org\/{rel}","templated":true}]}}