{"id":655,"date":"2026-04-06T19:35:10","date_gmt":"2026-04-06T19:35:10","guid":{"rendered":"https:\/\/rscadeau.com\/?post_type=product&#038;p=655"},"modified":"2026-04-06T19:35:38","modified_gmt":"2026-04-06T19:35:38","slug":"bouquet-luxe-pastel-rose","status":"publish","type":"product","link":"https:\/\/rscadeau.com\/index.php\/product\/bouquet-luxe-pastel-rose\/","title":{"rendered":"Bouquet Luxe Pastel Rose"},"content":{"rendered":"<p data-start=\"147\" data-end=\"164\"><strong data-start=\"147\" data-end=\"164\">Composition :<\/strong><\/p>\n<ul data-start=\"165\" data-end=\"386\">\n<li data-section-id=\"lvrbsz\" data-start=\"165\" data-end=\"208\">\ud83c\udf37 Roses pastel (rose clair)<\/li>\n<li data-section-id=\"1jsjkdc\" data-start=\"261\" data-end=\"303\">\ud83c\udf3f Feuillage l\u00e9ger pour un effet naturel<\/li>\n<li data-section-id=\"h0ljiy\" data-start=\"304\" data-end=\"349\">\ud83c\udf80 Packaging rose premium (mat ou brillant)<\/li>\n<li data-section-id=\"w714bu\" data-start=\"350\" data-end=\"386\">\u2728 Finition luxe avec ruban assorti<\/li>\n<\/ul>\n","protected":false},"excerpt":{"rendered":"<p>Un bouquet raffin\u00e9 aux couleurs douces et \u00e9l\u00e9gantes \ud83d\udc96<br data-start=\"498\" data-end=\"501\" \/>Parfait pour offrir une touche de tendresse et de luxe \u00e0 vos proches.<\/p>\n","protected":false},"featured_media":656,"comment_status":"open","ping_status":"closed","template":"","meta":{"_monsterinsights_skip_tracking":false,"_monsterinsights_sitenote_active":false,"_monsterinsights_sitenote_note":"","_monsterinsights_sitenote_category":0},"product_brand":[],"product_cat":[19,21],"product_tag":[],"class_list":{"0":"post-655","1":"product","2":"type-product","3":"status-publish","4":"has-post-thumbnail","6":"product_cat-bouquets-de-luxe","7":"product_cat-bouquets-moyenne-bouquets","9":"first","10":"instock","11":"sale","12":"featured","13":"shipping-taxable","14":"purchasable","15":"product-type-simple"},"_links":{"self":[{"href":"https:\/\/rscadeau.com\/index.php\/wp-json\/wp\/v2\/product\/655","targetHints":{"allow":["GET"]}}],"collection":[{"href":"https:\/\/rscadeau.com\/index.php\/wp-json\/wp\/v2\/product"}],"about":[{"href":"https:\/\/rscadeau.com\/index.php\/wp-json\/wp\/v2\/types\/product"}],"replies":[{"embeddable":true,"href":"https:\/\/rscadeau.com\/index.php\/wp-json\/wp\/v2\/comments?post=655"}],"wp:featuredmedia":[{"embeddable":true,"href":"https:\/\/rscadeau.com\/index.php\/wp-json\/wp\/v2\/media\/656"}],"wp:attachment":[{"href":"https:\/\/rscadeau.com\/index.php\/wp-json\/wp\/v2\/media?parent=655"}],"wp:term":[{"taxonomy":"product_brand","embeddable":true,"href":"https:\/\/rscadeau.com\/index.php\/wp-json\/wp\/v2\/product_brand?post=655"},{"taxonomy":"product_cat","embeddable":true,"href":"https:\/\/rscadeau.com\/index.php\/wp-json\/wp\/v2\/product_cat?post=655"},{"taxonomy":"product_tag","embeddable":true,"href":"https:\/\/rscadeau.com\/index.php\/wp-json\/wp\/v2\/product_tag?post=655"}],"curies":[{"name":"wp","href":"https:\/\/api.w.org\/{rel}","templated":true}]}}